be (-20)/30*(-30)/4. Suppose 1543 + 2742 = y*k. Suppose 107 + k = 4*z. What are the prime factors of z?
241
Suppose 22*o - 74832 - 121452 = 0. What are the prime factors of o?
2, 3, 1487
Let o = -38 - -136. Let u = o + -98. List the prime factors of u + ((-1295)/(-21) - 4/6).
61
Let w = 1329 - -8248. List the prime factors of w.
61, 157
What are the prime factors of (-1 + 12)*(-942 + 9)/(-1)?
3, 11, 311
Suppose -195516 = 549*b - 552*b + 5*m, -5*b + 5*m + 325870 = 0. What are the prime factors of b?
7, 9311
Let s(b) be the first derivative of -39*b**2/2 + 25*b + 17. Let t be s(-17). Suppose -2*o - 6*o = -t. List the prime factors of o.
2, 43
Suppose 2728 = -4*r - 2*l, 24*r - 4*l + 2704 = 20*r. Let p = r - -1713. List the prime factors of p.
1033
Suppose 26*h - 2*h - 29256 = 0. Let s = -838 + h. What are the prime factors of s?
3, 127
Let k = 497 - 209. Let a = -3 - 52. Let y = k + a. List the prime factors of y.
233
Suppose -p = 4*g + 6, g + 3*p = 4*g + 12. Let x = 82 + g. List the prime factors of 20/x + (-118)/(-8).
3, 5
Let j be (3 - 4)/(3/(-18)) + -3. Suppose -394 = 5*p + j*m, p + m + 65 = 5*m. Let t = p + 94. What are the prime factors of t?
17
Suppose -38476 = -2*y - d, 77548 - 19801 = 3*y - 4*d. List the prime factors of y.
71, 271
Let v(d) be the second derivative of 5*d**4/3 - d**2/2 - 33*d. Let k be v(1). Suppose -13*m = -k*m + 1206. List the prime factors of m.
3, 67
Let g be 8/(-12) + 5/((-15)/(-14)). Suppose -4*c = -3*p - 16, 2*c - g*p - 5 - 3 = 0. Suppose 0 = -o + c*k - k + 110, -4*k = -12. List the prime factors of o.
7, 17
Suppose 1 = -5*l + 36. Suppose -l*b = -12*b + 1325. Let f = b + -146. What are the prime factors of f?
7, 17
Let o = 48 + -118. Let v be ((-85)/(-2))/((-7)/o). Suppose -5*h = -0*h - v. List the prime factors of h.
5, 17
Suppose -2*f - 74304 = -2*n, 28*f = -4*n + 26*f + 148644. What are the prime factors of n?
2, 3, 11, 563
Let i(t) = 1227*t**2 - 2*t + 10. Let u be i(2). Suppose 0*x = -9*x + u. Suppose 3*q + x = 3*h, 4*h = h + 2*q + 547. What are the prime factors of h?
3, 61
List the prime factors of 13 - (51/(-3) - 17491).
7, 2503
Let b(q) = -q - 7. Let z be b(-10). Suppose -2*g + 23 = 5*k - 0*g, z*g = -3. Suppose -68 = -4*i + 4*p, -k*i = 3*p - 33 - 36. List the prime factors of i.
3, 5
Suppose u + 225 = -354. Let i = 900 + u. List the prime factors of i.
3, 107
Let j = 296 + -198. Suppose 4*v = j + 854. List the prime factors of v.
2, 7, 17
Suppose -2*b - 3*o + 12 = 2*o, -16 = -b - 5*o. What are the prime factors of ((-5898)/18 - 5)/(b/12)?
2, 499
Let k be (28/4)/((2 - 3)/(-1)). Suppose 94 = -k*c + 9*c. List the prime factors of c.
47
Let i(f) = 148*f + 1777. List the prime factors of i(11).
3, 5, 227
Suppose 5*o + 52 = 8*m - 6*m, 28 = -3*o + 2*m. Let j(r) = -30*r - 38. List the prime factors of j(o).
2, 7, 23
Suppose 103*m + 44 = 105*m. Suppose -18*s + m*s = 156. What are the prime factors of s?
3, 13
Suppose -6*a = -17*a + 21472. Let h = a + -1137. What are the prime factors of h?
5, 163
List the prime factors of (7*382451/(-931))/(2/(-14)*1).
20129
Let g = -66622 - -98380. List the prime factors of g.
2, 3, 67, 79
Let n be (-10)/(-35) + ((-160)/7)/(-4). Suppose -6111 = n*t - 15*t. List the prime factors of t.
7, 97
Let m(f) be the second derivative of 5*f**4/12 + f**3/6 + 45*f. Let s be m(-1). Suppose 3*g - 5*g = 4*t - 936, s*g = 4*t - 948. List the prime factors of t.
5, 47
Suppose 30*d = 20*d + 9640. List the prime factors of d.
2, 241
Suppose -1366981 = 107*n - 5729585. List the prime factors of n.
2, 10193
Let h be -4 + (0 - -2)/(-2). Let m be (-326)/10 - (-2)/h. Let p = m + 63. List the prime factors of p.
2, 3, 5
Let c = -35 - 0. Let h = -44 - c. Let p = h + 24. What are the prime factors of p?
3, 5
Suppose -4*m = d - 498, -7*d + 9*d - 971 = -3*m. Let r = 767 - 436. Let c = d - r. List the prime factors of c.
3, 7
Suppose 7*b - 2*n = 91321, 4*b - 52168 = -15*n + 11*n. What are the prime factors of b?
5, 2609
Suppose 0 = 3*i + 3*p - 27 + 39, i + 5*p + 20 = 0. Suppose -2*h = -h - 3, 2*n + 4*h - 850 = i. List the prime factors of n.
419
Suppose -12620 = -84*s + 2752. What are the prime factors of s?
3, 61
Let s(y) = y**3 + 6*y**2 + 15*y + 28. Let v be s(-4). Suppose v = 66*j - 77149 - 14525. List the prime factors of j.
3, 463
Let m = -145 - -92. Let i = m + 56. Let r(u) = 2*u**3 + 3*u**2 + u + 2. What are the prime factors of r(i)?
2, 43
Let w(f) = f**3 + 9*f**2 + 7*f - 10. Let n be w(-8). Let s = 4 + n. Suppose -s*k + 37 = c, -2 = -k + 2. What are the prime factors of c?
29
Let r = 3901 + 6186. List the prime factors of r.
7, 11, 131
Suppose 0 = -3084*t + 3089*t, -5*t = -5*l + 56635. What are the prime factors of l?
47, 241
Suppose -3040 = -2*j - 2*t, -47*j + 44*j - 4*t = -4562. List the prime factors of j.
2, 3, 11, 23
Suppose 0 = o - 5*j + 12631 - 51021, 5*o - 5*j = 191830. List the prime factors of o.
2, 5, 7, 137
Let s(p) = -4*p - 26. Let g be (10 - 13) + (1 + 54 - 2). Suppose -3*z - g = 2*z. List the prime factors of s(z).
2, 7
Let y(b) = 15*b + 35. Let k be y(26). Suppose 3*w - k + 176 = 0. What are the prime factors of w?
83
Suppose -22469 = 3*r + 1951. List the prime factors of (-8)/(-14) - r/14.
2, 3, 97
Let i be 1/(-8) - (-1)/(8/(-63)). Let r be (18/12)/((-3)/i). Suppose 17 + 2 = 5*t - 3*m, -r*t - 2*m + 2 = 0. List the prime factors of t.
2
Let n(c) = -3*c**2 + 2*c - 11. Let k be n(12). Let x = k + 685. List the prime factors of x.
2, 7, 19
Let g = -6374 - -17635. List the prime factors of g.
11261
Let s = -20794 + 95291. List the prime factors of s.
23, 41, 79
Suppose -h - 2*u = -32494, 5*h - 57*u + 56*u - 162426 = 0. What are the prime factors of h?
2, 37, 439
Suppose -67899 = -6*b + 3*n, -b - 2*n + 7492 = -3807. List the prime factors of b.
3, 419
Suppose 21726 = 2*o - 3*j, 44*j = 42*j - 4. What are the prime factors of o?
2, 3, 5, 181
Let p(f) = -f**2 + 16*f - 28. Let h be p(14). Suppose -5*b + 28 = -4*o - h, -o = -5*b + 22. What are the prime factors of (-29330)/(-182) + b/(-26)?
7, 23
Suppose -94*l + 31028 = 88*l - 180*l. List the prime factors of l.
2, 7757
Suppose 243*d - 237*d = 240. List the prime factors of d.
2, 5
Suppose -6300 = -24*r + 14*r. What are the prime factors of -12*(3/2)/((-21)/r)?
2, 3, 5
Let o(b) = -810*b + 4393. List the prime factors of o(-25).
19, 1297
Let s = 36391 - 18724. List the prime factors of s.
3, 13, 151
Let m = -311 + 319. Suppose o - m = -3, -4*o + 452 = 3*t. What are the prime factors of t?
2, 3
List the prime factors of (((-6)/40)/((-3)/(-144)))/(9/(-9420)).
2, 3, 157
Suppose -i - i = 5*u - 59758, 59800 = 5*u - 5*i. What are the prime factors of u?
2, 43, 139
Let u(o) = -19*o + 3997. What are the prime factors of u(-122)?
3, 5, 421
Suppose -2*q + 3 = -17. Suppose q*v + 281 = 11*v. List the prime factors of v.
281
What are the prime factors of (0 - 1) + 1/(1/9999)?
2, 4999
Let j(s) = -2*s + 32. Let o(h) = 7*h + 14. Let t be o(0). Let x be j(t). What are the prime factors of ((-5)/4)/(x/(-288))?
2, 3, 5
Suppose 0 = 5*d - 42 - 13. Let u(c) = 18*c - 29. List the prime factors of u(d).
13
Let c(u) = -u**2 - 22*u - 6. Let n(z) = 2*z**2 + 14*z + 3. Let y be n(-7). Suppose 0*a = y*a + 39. What are the prime factors of c(a)?
3, 37
Suppose 3*a = 3*b - 27, b + 26 - 11 = -5*a. List the prime factors of (3*(-44)/(-48))/(b/20).
11
Let h be 2*5/10 + 2544. Let k = -1645 + h. List the prime factors of k.
2, 3, 5
Suppose -83*c = -86*c + 4*p + 20489, c - 6827 = 2*p. List the prime factors of c.
5, 1367
Let v(a) = 6*a**2 - 34*a + 22. Let l(r) = -26*r**2 + 136*r - 87. Let f(b) = 2*l(b) + 9*v(b). List the prime factors of f(25).
2, 53
Suppose 5*k - 12 = 4*u, 4*u = 3*k - k. Suppose 4*q - 100 = -5*p, u*q - 9 = -3*p + 43. Suppose -l - j = l - q, 4*l - 40 = -4*j. List the prime factors of l.
2, 5
Suppose 4*k = 3*b - 206, 3*b + 67 = 4*b - 3*k. Let n = b + 10. What are the prime factors of (1 + 3/(-5))*n?
2
Let i = 47 - -3136. List the prime factors of i.
3, 1061
Let k be ((-4)/3)/(5/(-30)). Let f be k/12 + (-22)/(-3). What are the prime factors of (f/10)/(-3*(-1)/420)?
2, 7
Let c(s) = 21*s - 156. Let f(t) = 7*t - 52. Let k(x) = -4*c(x) + 11*f(x). Let v(l) = 12*l - 103. Let m(q) = 5*k(q) + 2*v(q). List the prime factors of m(0).
2, 3
Suppose -r + 4 = r, 12 = 5*t + r. Let